be q(4). Suppose -44*m + 114 = 13*m. Suppose -m*p - 4*y + 224 = -2, -5*p = y - a. What is the units digit of p?
9
Let u be 22418/(-10) - 28/140. What is the tens digit of ((35/(-7))/(-5))/((-2)/u)?
2
Suppose -4*w - 4*i + 48485 = i, -2*w + 5*i + 24265 = 0. What is the tens digit of w?
2
Suppose -4*c + 5*v + 8 = 0, 0 = -5*c - 3*v - 5 + 15. Suppose 2*t + a - 863 = 0, -857 = c*t - 4*t + 5*a. What is the units digit of t?
1
Suppose 1921 = -r + 5147. Suppose -5*b = -1804 - r. What is the units digit of b?
6
Suppose 46*o - 172308 = -17*o + 229569. What is the hundreds digit of o?
3
Let i(c) = 4*c + 48. Let g(b) = -73*b + 21. Let a be g(-2). Suppose -x = -157 + a. What is the units digit of i(x)?
8
Suppose -5*m - 124 = -3*i + 21, 4*i - 196 = 4*m. Let h = 54 - i. Suppose -230 = -h*g - 3*j, -3*g + 2*j + 97 + 67 = 0. What is the units digit of g?
6
Let d = 45816 + -9512. What is the ten thousands digit of d?
3
What is the ten thousands digit of 1*((-2)/(-8) - (-10)/80*136182)?
1
Suppose 26*p = 43*p - 62611. What is the thousands digit of p?
3
Suppose h = o - 4, -4*h - 7*o + 3*o = 40. Let k(l) = -10*l + 7. Let g be k(h). Suppose -3*i = 4*y - 149, 4*i - 121 = -5*y + g. What is the units digit of i?
7
What is the ten thousands digit of (324/(-1890))/(1/7)*201680/(-6)?
4
Suppose 0 = 8*d + 557 - 4853. Suppose 1675 = 3*w - 2*j - 2*j, -w - 4*j = -d. Suppose k = -5*f - k + w, 5*f - 565 = -5*k. What is the units digit of f?
9
Let g = -17 + -6. Let n = g - -25. Suppose -3*i + 3*x + 133 = -x, -5*i + n*x = -245. What is the units digit of i?
1
Let y = -60 + 55. Let q be 5 + 0 - (y - -8). Suppose z = -q*z + 2*g + 79, z - 18 = -g. What is the tens digit of z?
2
Let r(p) = p**3 - 4*p**2 + 7*p - 11. Let t(x) = -x**3 + 3*x**2 + 2*x - 1. Let k be t(3). Let g be r(k). Let w = 74 - g. What is the units digit of w?
5
Suppose -r + 9 - 6 = 0. Suppose 4*j - r = 13. Suppose -3*o = -4*w + 671, -j*o = 4*w + 383 - 1019. What is the tens digit of w?
6
Let j be 8/3 - 2/(-6). Let v = -3276 - -3285. What is the tens digit of (v - -56) + -1 + j?
6
Let i(b) = -170*b - 2101. What is the units digit of i(-58)?
9
Suppose -3*z = -10137 - 813. What is the units digit of z?
0
Suppose 456 = 8*y - 400. Suppose 2*q + y = -2*j + 489, 5*q - 957 = -3*j. Let u = -17 + q. What is the hundreds digit of u?
1
Suppose 0 = -79*b + 1073866 - 461547 + 958596. What is the tens digit of b?
8
Suppose 174 = 5*s - 51. Suppose 7*n - 1802 = -s. Suppose -3*o + 2*r = -812, 5*r + n + 11 = o. What is the hundreds digit of o?
2
Let u(a) = 4 + a**3 - 6*a - 15 - 8*a**2 + 16*a. Let k be u(7). Suppose -k*c + 245 + 595 = 0. What is the tens digit of c?
8
Let x(z) = -4*z - 82. Let r be x(-21). Suppose 0 = r*o + 17*o - 5890. What is the tens digit of o?
1
Let u = 426 + -267. Let x be (1/3*-15)/(-1). Suppose -5*m + 4*h + u = 0, h - 183 = -x*m - 29. What is the tens digit of m?
3
Suppose -3*c + 63892 = -q, -3*q - 4 = -19. What is the ten thousands digit of c?
2
Let v(x) = 199*x**2 + 3*x - 5. Let g be v(3). Suppose 6*i - 683 - g = 0. What is the hundreds digit of i?
4
Let r = -46 - -52. Let q be (-16)/5*((-315)/r)/7. Suppose 79*c + q = 81*c. What is the units digit of c?
2
Suppose 127205 = 3*l - 4*x, 5*l - 3861*x = -3862*x + 211993. What is the tens digit of l?
9
Let u(k) = k + 3. Let j be u(2). Let i be 1/((25/j)/45). Suppose -56 + i = -s. What is the units digit of s?
7
Suppose 1434477 = 35*z + 48*z + 252640. What is the units digit of z?
9
Let m be (-6)/4*(5 - 114/18). Suppose -d - 862 = -3*d - v, -864 = -2*d - m*v. What is the tens digit of d?
3
Let y be (-2 + (-21)/(-9))/(4/72). Suppose -3733 = -5*k - 4*j, 0 = y*j - 9*j + 6. What is the tens digit of k?
4
Let g be (-14 - 33460/16) + 1/4. Let o = -910 - g. What is the hundreds digit of o?
1
Let m(k) = k**2 - 14*k + 13. Let l(z) = -z**2 + 9*z - 12. Let v be l(5). Suppose v*q = 7*q + 18. What is the units digit of m(q)?
5
What is the hundreds digit of ((-49399)/14)/(-1)*2?
0
Let x be 1 + 1 - (-119 + (0 - 0)). Suppose -4*h = -s + 255 + x, 1905 = 5*s + 5*h. Suppose -y = 2*p - 0*y - 181, -4*p = -4*y - s. What is the units digit of p?
2
Let r(t) be the first derivative of 27*t**4 + 5*t**3/3 - 7*t**2 + 22*t - 76. What is the tens digit of r(2)?
7
Suppose -108*p = -94*p + 28. Let y(j) = -167*j + 25. What is the units digit of y(p)?
9
Let g = -20096 + 30771. What is the units digit of g?
5
Suppose 51*k - 43*k = 2920. Suppose -3*b = -7*u + 5*u + k, 5*u - 960 = -2*b. What is the tens digit of u?
9
What is the hundreds digit of (7 - (-35)/10)*(-2488)/(-6)?
3
Let h = 3055 + 772. What is the hundreds digit of h?
8
Suppose 3*z + 4*v - 34706 = 0, 24 = 2*v + 38. What is the thousands digit of z?
1
Let n(u) = 7*u**2 + 12*u + 55. Let h be 8 - (-6)/(36/(-66)). What is the tens digit of n(h)?
8
Suppose -16*n + 2*n + 42 = 0. Suppose -4*m - o + 1149 = 0, -4*m + 8*o + 1143 = n*o. What is the units digit of m?
7
Suppose -17*f + 33360 = -23479 - 155015. What is the hundreds digit of f?
4
Let k(o) = -4*o**3 + 2*o + 2. Let g(c) = c**2 - 6*c - 9. Let h be g(7). Let q be k(h). What is the tens digit of ((-84)/(-20))/(2/q)?
6
Suppose -j - 29 = -2*t, -5*t = 3*j - 3*t + 63. Let f = -102 + 52. Let q = j - f. What is the units digit of q?
7
Suppose -2*g - 4*w + 148 + 1144 = 0, 0 = -3*g + 5*w + 1883. Let v = g + -88. What is the hundreds digit of v?
5
Suppose 65*l - 84087 = 60*l + 4*y, 0 = 2*y + 6. What is the thousands digit of l?
6
Let o be 11*(-4)/(-88) - (-26)/(-4). What is the units digit of (-4834)/o + ((-240)/(-18))/10?
7
Suppose -2*x - 6*x = 104. Let f = x - -17. Suppose -239 = -3*o - 4*z - 0*z, 0 = -4*o + f*z + 328. What is the tens digit of o?
8
What is the hundreds digit of (-779 + 0)/(12/(-96))?
2
Suppose -315*x + 291*x + 250056 = 0. What is the thousands digit of x?
0
Suppose -96*m + 101*m = 255. Suppose -8*a + 9*a + m = 0. What is the units digit of a/6*(1 - (10 - 1))?
8
Let w(n) = 115*n**2 + 2425*n - 9713. What is the hundreds digit of w(4)?
8
Let f(k) = 42*k**2 - 11*k + 84. Let l(v) = -31*v - 57. Let w be l(-2). What is the thousands digit of f(w)?
1
Suppose -47*w + 916854 = 276902. What is the hundreds digit of w?
6
Suppose 3836 = 10*b - 6*b. Let x = b + -336. Suppose x = 3*p - z - 162, 5*p + 2*z - 1312 = 0. What is the tens digit of p?
6
Suppose 2*t = -5*o + 22629, -453*t + 456*t - 33944 = -7*o. What is the ten thousands digit of t?
1
Suppose -33 = -8*b + 15. Suppose -5*n = 3*d - 926, d + 1534 = b*d - n. What is the units digit of d?
7
Let j(s) = -161*s**2 + 2*s + 15. Let q be j(-3). Let g = q - -2378. What is the units digit of g?
8
Let j = 2966 - -629. What is the hundreds digit of j?
5
Let a = 6328 + -3554. What is the hundreds digit of a?
7
Let m = -26 - -73. Suppose -176 = -2*b + 5*i, 352 = -3*b + 7*b - 4*i. Let p = b + m. What is the units digit of p?
5
What is the units digit of (-6)/(-15) + 850825/125?
7
Let g(k) = -k**3 + k**2 + 3*k + 3. Let d(v) = -v**3 - 3*v**2 + v + 4. Let b be d(-3). Let z be 22/33*-9*b/2. What is the units digit of g(z)?
0
Let j be (-3)/(-2) - 19195/(-22). Let r = j + -548. What is the hundreds digit of r?
3
Let m(r) = 17*r**2 - 1007*r - 180. What is the thousands digit of m(76)?
1
Let q(l) = -441*l + 2724. What is the tens digit of q(4)?
6
Let m(l) = 87*l**2 + 37*l + 215. Let v be m(-7). Suppose -6*o = v - 11641. What is the hundreds digit of o?
2
Let f = -131 + 1930. Suppose 5*s - 5274 - f = 2*b, 2*b = -2*s + 2832. What is the thousands digit of s?
1
Suppose 1517 = 8*y + 8141. Let h = y - -1254. What is the units digit of h?
6
Suppose 0 = -48*n + 8 - 8. Suppose n = 7*p + 541 - 6365. What is the tens digit of p?
3
Let a = 7811 - 267. What is the tens digit of a?
4
Let k(i) = -3*i**3 + 2*i**2 - 7*i + 12. Let u be k(-5). Let f = u + -7. What is the units digit of f?
5
Let m be ((0 - 0) + (-36)/9)*-47. Let k = m - -298. What is the units digit of k?
6
Suppose 15 = -4*r + 19. Let a be -4 + 8 - r*-78. Let q = a + 18. What is the tens digit of q?
0
Suppose 19*n - 2*n + 39583 = 290571. What is the thousands digit of n?
4
Let y be -1 - -3 - 8 - -731. Suppose -16*m = -11*m - y. What is the tens digit of m?
4
Suppose 4*t - 26 + 6 = 0. Suppose 0 = u - t*k - 3 - 19, -4*u - 2*k = 0. Suppose -u*d = -p + 27, 2*p = 4*p + 5*d - 81. What is the units digit of p?
3
Let g be -